{"id":224,"date":"2022-04-27T20:46:04","date_gmt":"2022-04-28T00:46:04","guid":{"rendered":"https:\/\/humainavanttout.com\/boutique\/?page_id=224"},"modified":"2024-12-12T02:12:58","modified_gmt":"2024-12-12T07:12:58","slug":"termes-et-conditions","status":"publish","type":"page","link":"https:\/\/humainavanttout.com\/boutique\/termes-et-conditions\/","title":{"rendered":"Termes et conditions"},"content":{"rendered":"\t\t<div data-elementor-type=\"wp-page\" data-elementor-id=\"224\" class=\"elementor elementor-224\" data-elementor-post-type=\"page\">\n\t\t\t\t<div class=\"elementor-element elementor-element-6dd6d44 e-grid e-con-full e-con e-parent\" data-id=\"6dd6d44\" data-element_type=\"container\" data-settings=\"{&quot;background_background&quot;:&quot;classic&quot;}\">\n\t\t\t\t<div class=\"elementor-element elementor-element-7f95f9c titre-accueil elementor-widget elementor-widget-heading\" data-id=\"7f95f9c\" data-element_type=\"widget\" data-widget_type=\"heading.default\">\n\t\t\t\t<div class=\"elementor-widget-container\">\n\t\t\t<h2 class=\"elementor-heading-title elementor-size-default\">Termes et conditions<\/h2>\t\t<\/div>\n\t\t\t\t<\/div>\n\t\t\t\t<\/div>\n\t\t<div class=\"elementor-element elementor-element-9d64dbc e-flex e-con-boxed e-con e-parent\" data-id=\"9d64dbc\" data-element_type=\"container\">\n\t\t\t\t\t<div class=\"e-con-inner\">\n\t\t\t\t<div class=\"elementor-element elementor-element-eb9c23b elementor-widget elementor-widget-text-editor\" data-id=\"eb9c23b\" data-element_type=\"widget\" data-widget_type=\"text-editor.default\">\n\t\t\t\t<div class=\"elementor-widget-container\">\n\t\t\t\t\t\t\t<p>Bienvenue sur le site Web de Humain Avant Tout.<\/p><p>Veuillez lire ces modalit\u00e9s avant d\u2019utiliser du contenu sous toute forme ou par tout moyen pour publication sur Humainavanttout.com. En continuant \u00e0 nous utiliser, vous consentez \u00e0 respecter ces modalit\u00e9s et \u00e0 \u00eatre li\u00e9 par elles. Nous nous r\u00e9servons le droit de modifier ces modalit\u00e9s \u00e0 tout moment, et vous consentez (y compris par le fait que vous continuez \u00e0 utiliser notre site) \u00e0 \u00eatre li\u00e9 par ces modifications.<\/p><p>Il vous faut v\u00e9rifier \u00e0 l\u2019occasion ces modalit\u00e9s et conditions pour demeurer inform\u00e9 de tout ajout ou modification.<\/p><p><strong>SI VOUS NE SOUHAITEZ PAS \u00caTRE LI\u00c9 PAR CE CONTRAT, NE NAVIGUEZ PAS SUR humainavanttout.com<\/strong>.<\/p><p>Tous droits r\u00e9serv\u00e9s<\/p><p>Humain Avant Tout (\u00ab Humainavanttout.com \u00bb) est soit titulaire des droits de propri\u00e9t\u00e9 intellectuelle sur le contenu de notre site Web, notamment du texte en HTML sous-jacent, du texte, des audio clips et des vid\u00e9oclips (y compris l\u2019am\u00e9nagement et la disposition de ce site); soit autoris\u00e9e, par le titulaire des droits de propri\u00e9t\u00e9 intellectuelle sur ce contenu, \u00e0 utiliser le contenu sur notre site Web. Tous les t\u00e9moignages, citations, posts \u00e9ducatifs, illustrations, capsules vid\u00e9os, contenu et autres \u00e9l\u00e9ments dont est compos\u00e9 notre site sont aussi des \u0153uvres prot\u00e9g\u00e9es, et nous (sous r\u00e9serve des droits de nos conc\u00e9dants de licences et licenci\u00e9s en vertu des ententes, des accords et des arrangements applicables) avons tous les droits \u00e0 leur \u00e9gard. Vous devez respecter tous les autres avis ou toutes les autres restrictions sur le droit d\u2019auteur se trouvant sur notre site. Il est interdit de reproduire, de distribuer ou de transmettre les documents de ce site prot\u00e9g\u00e9s par un droit d\u2019auteur sans avoir pr\u00e9alablement obtenu la permission \u00e9crite de Humainavanttout.com.<\/p><h3>Licence restreinte<\/h3><p>Humainavanttout.com vous conc\u00e8de une licence strictement restreinte qui vous autorise \u00e0 afficher \u00e0 votre ordinateur et \u00e0 utiliser, \u00e0 des fins exclusivement non commerciales (personnelles ou \u00e9ducatives), le contenu de notre site Web, notamment du texte en HTML sous-jacent, du texte, des audio clips et des vid\u00e9oclips, pourvu que vous respectiez les conditions suivantes :<\/p><ul><li>Vous ne modifiez pas ce contenu;<\/li><li>Vous faites figurer sur chaque partage de ce contenu l\u2019avis de droit d\u2019auteur qui s\u2019y rapporte et la pr\u00e9sente licence restreinte. Aucune autre utilisation n\u2019est autoris\u00e9e.<\/li><\/ul><p>Sans limiter la port\u00e9e g\u00e9n\u00e9rale de ce qui pr\u00e9c\u00e8de, il vous est interdit de faire ce qui suit\u00a0:<\/p><ul><li>Utiliser ce contenu \u00e0 des fins commerciales;<\/li><li>Incorporer ou ajouter ce contenu \u00e0 un produit que vous cr\u00e9ez ou que vous distribuez;<\/li><li>Copier ce contenu sur votre site Web ou sur tout autre site Web;<\/li><li>Distribuer ce contenu \u00e0 quiconque.<\/li><\/ul><p>Malgr\u00e9 ce qui pr\u00e9c\u00e8de, aucune disposition de la pr\u00e9sente licence n\u2019a pour effet de conf\u00e9rer quelque droit que ce soit en vertu du droit d\u2019auteur de Humainavanttout.com ou de tout autre titulaire d\u2019un droit d\u2019auteur \u00e0 l\u2019\u00e9gard du contenu fourni sur notre site Web.<\/p><h3>D\u00e9ni de responsabilit\u00e9<\/h3><p>Vous utilisez \u00e0 vos risques ce site Web et le contenu que vous choisissez de t\u00e9l\u00e9charger. Humainavanttout.com n\u2019assume aucune responsabilit\u00e9 \u00e0 l\u2019\u00e9gard des co\u00fbts li\u00e9s aux pertes de donn\u00e9es, aux dommages qui leur sont caus\u00e9s, aux r\u00e9parations ou au remplacement de biens, de mat\u00e9riel ou d\u2019\u00e9quipement ou \u00e0 tout autre dommage qui r\u00e9sulte de votre utilisation de ce site Web ou des documents qui s\u2019y trouvent.<\/p><p>HUMAINAVANTTOUT.COM NE GARANTIT PAS LA QUALIT\u00c9, L\u2019EXACTITUDE OU L\u2019INT\u00c9GRALIT\u00c9 DES PR\u00c9TENTIONS, D\u00c9CLARATIONS OU RENSEIGNEMENTS QUI SE TROUVENT SUR NOTRE SITE WEB. HUMAINAVANTTOUT.COM NE FAIT AUCUNE ASSERTION QUANT \u00c0 L\u2019ADAPTATION DES RENSEIGNEMENTS OU DES PRODUITS RENFERM\u00c9S OU OFFERTS SUR CE SITE WEB \u00c0 QUELQUE FIN QUE CE SOIT. TOUS LES RENSEIGNEMENTS SONT FOURNIS \u00ab TELS QUELS \u00bb, SANS GARANTIE OU CONDITION DE QUELQUE NATURE QUE CE SOIT. CE SITE WEB PEUT RENFERMER DES INEXACTITUDES OU DES ERREURS TYPOGRAPHIQUES. HUMAINAVANTTOUT.COM N\u2019EST EN AUCUN CAS RESPONSABLE DE QUELQUE DOMMAGE QUE CE SOIT, DIRECT OU INDIRECT, AYANT TRAIT \u00c0 L\u2019UTILISATION DE CE SITE WEB OU \u00c0 L\u2019INCAPACIT\u00c9 D\u2019UTILISER CE SITE WEB EN TEMPS OPPORTUN, OU AYANT TRAIT \u00c0 TOUT RENSEIGNEMENT, PRODUIT ET SERVICE OBTENUS PAR L\u2019ENTREMISE DE CE SITE WEB, OU D\u00c9COULANT AUTREMENT DE L\u2019UTILISATION DE CE SITE WEB, QUE LE DOMMAGE SOIT FOND\u00c9 SUR UN CONTRAT, UN D\u00c9LIT (Y COMPRIS LA N\u00c9GLIGENCE) OU AUTREMENT, ET CE, M\u00caME S\u2019IL Y A MANQUEMENT FONDAMENTAL OU SI HUMAINAVANTTOUT.COM A \u00c9T\u00c9 AVIS\u00c9E DE LA POSSIBILIT\u00c9 DE DOMMAGES.<\/p><h3>Liens aux sites de tiers<\/h3><p>Ce site Web renferme des hyperliens \u00e0 des sites Web exploit\u00e9s par des tiers autres que Humainavanttout.com. Ces hyperliens ne sont fournis que pour vous permettre de consulter ces autres sites Web. Humainavanttout.com ne contr\u00f4le pas ces sites Web et n\u2019est pas responsable de leur contenu. Le fait que des renseignements, des documents ou du contenu se trouvent sur ce site Web, qu\u2019ils y soient mentionn\u00e9s ou qu\u2019il y ait des liens vers eux ou \u00e0 partir d\u2019eux ne constitue pas une promotion expresse ou implicite de produits ou de services de tiers. Vous assumez seul les risques li\u00e9s \u00e0 votre acc\u00e8s \u00e0 ces sites et \u00e0 votre utilisation de ceux-ci, y compris les renseignements, documents, produits et services qui s\u2019y trouvent. En outre, l\u2019\u00e9nonc\u00e9 de notre politique relative \u00e0 la vie priv\u00e9e ne s\u2019applique que lorsque vous \u00eates sur notre site Web. Une fois li\u00e9 \u00e0 un autre site Web, vous devez lire la politique relative \u00e0 la vie priv\u00e9e de cet autre site avant de r\u00e9v\u00e9ler des renseignements personnels.<\/p><h3>R\u00e9siliation<\/h3><p>Sans limiter ce qui pr\u00e9c\u00e8de, Humainavanttout.com peut imm\u00e9diatement mettre fin \u00e0 votre acc\u00e8s \u00e0 ce site Web si vous vous comportez d\u2019une mani\u00e8re que Humainavanttout.com juge, \u00e0 sa discr\u00e9tion exclusive, inacceptable ou si vous manquez \u00e0 l\u2019une des pr\u00e9sentes conditions d\u2019utilisation.<\/p><h3>Loi applicable<\/h3><p>Humain Avant Tout cr\u00e9e et contr\u00f4le ce site dans la province de Qu\u00e9bec (Canada). Par cons\u00e9quent, les lois de la province de Qu\u00e9bec et les lois f\u00e9d\u00e9rales canadiennes qui s\u2019y appliquent r\u00e9gissent les pr\u00e9sentes d\u00e9n\u00e9gations, modalit\u00e9s et conditions, sans donner effet aux principes de conflits de lois. Humainavanttout.com se r\u00e9serve le droit de modifier en tout temps son site de m\u00eame que les pr\u00e9sentes d\u00e9n\u00e9gations, modalit\u00e9s et conditions.<\/p>\t\t\t\t\t\t<\/div>\n\t\t\t\t<\/div>\n\t\t\t\t\t<\/div>\n\t\t\t\t<\/div>\n\t\t\t\t<\/div>\n\t\t","protected":false},"excerpt":{"rendered":"<p>Termes et conditions Bienvenue sur le site Web de Humain Avant Tout. Veuillez lire ces modalit\u00e9s avant d\u2019utiliser du contenu sous toute forme ou par tout moyen pour publication sur Humainavanttout.com. En continuant \u00e0 nous utiliser, vous consentez \u00e0 respecter ces modalit\u00e9s et \u00e0 \u00eatre li\u00e9 par elles. Nous nous r\u00e9servons le droit de modifier [&hellip;]<\/p>\n","protected":false},"author":1,"featured_media":0,"parent":0,"menu_order":0,"comment_status":"closed","ping_status":"closed","template":"","meta":{"_monsterinsights_skip_tracking":false,"_monsterinsights_sitenote_active":false,"_monsterinsights_sitenote_note":"","_monsterinsights_sitenote_category":0,"footnotes":""},"class_list":["post-224","page","type-page","status-publish","hentry"],"yoast_head":"<!-- This site is optimized with the Yoast SEO plugin v24.0 - https:\/\/yoast.com\/wordpress\/plugins\/seo\/ -->\n<title>Termes et conditions - Boutique Humain Avant Tout<\/title>\n<meta name=\"robots\" content=\"index, follow, max-snippet:-1, max-image-preview:large, max-video-preview:-1\" \/>\n<link rel=\"canonical\" href=\"https:\/\/humainavanttout.com\/boutique\/termes-et-conditions\/\" \/>\n<meta property=\"og:locale\" content=\"fr_FR\" \/>\n<meta property=\"og:type\" content=\"article\" \/>\n<meta property=\"og:title\" content=\"Termes et conditions - Boutique Humain Avant Tout\" \/>\n<meta property=\"og:description\" content=\"Termes et conditions Bienvenue sur le site Web de Humain Avant Tout. Veuillez lire ces modalit\u00e9s avant d\u2019utiliser du contenu sous toute forme ou par tout moyen pour publication sur Humainavanttout.com. En continuant \u00e0 nous utiliser, vous consentez \u00e0 respecter ces modalit\u00e9s et \u00e0 \u00eatre li\u00e9 par elles. Nous nous r\u00e9servons le droit de modifier [&hellip;]\" \/>\n<meta property=\"og:url\" content=\"https:\/\/humainavanttout.com\/boutique\/termes-et-conditions\/\" \/>\n<meta property=\"og:site_name\" content=\"Boutique Humain Avant Tout\" \/>\n<meta property=\"article:modified_time\" content=\"2024-12-12T07:12:58+00:00\" \/>\n<meta name=\"twitter:card\" content=\"summary_large_image\" \/>\n<meta name=\"twitter:label1\" content=\"Est. reading time\" \/>\n\t<meta name=\"twitter:data1\" content=\"6 minutes\" \/>\n<script type=\"application\/ld+json\" class=\"yoast-schema-graph\">{\"@context\":\"https:\/\/schema.org\",\"@graph\":[{\"@type\":\"WebPage\",\"@id\":\"https:\/\/humainavanttout.com\/boutique\/termes-et-conditions\/\",\"url\":\"https:\/\/humainavanttout.com\/boutique\/termes-et-conditions\/\",\"name\":\"Termes et conditions - Boutique Humain Avant Tout\",\"isPartOf\":{\"@id\":\"https:\/\/humainavanttout.com\/boutique\/#website\"},\"datePublished\":\"2022-04-28T00:46:04+00:00\",\"dateModified\":\"2024-12-12T07:12:58+00:00\",\"breadcrumb\":{\"@id\":\"https:\/\/humainavanttout.com\/boutique\/termes-et-conditions\/#breadcrumb\"},\"inLanguage\":\"fr-FR\",\"potentialAction\":[{\"@type\":\"ReadAction\",\"target\":[\"https:\/\/humainavanttout.com\/boutique\/termes-et-conditions\/\"]}]},{\"@type\":\"BreadcrumbList\",\"@id\":\"https:\/\/humainavanttout.com\/boutique\/termes-et-conditions\/#breadcrumb\",\"itemListElement\":[{\"@type\":\"ListItem\",\"position\":1,\"name\":\"Home\",\"item\":\"https:\/\/humainavanttout.com\/boutique\/\"},{\"@type\":\"ListItem\",\"position\":2,\"name\":\"Termes et conditions\"}]},{\"@type\":\"WebSite\",\"@id\":\"https:\/\/humainavanttout.com\/boutique\/#website\",\"url\":\"https:\/\/humainavanttout.com\/boutique\/\",\"name\":\"Boutique Humain Avant Tout\",\"description\":\"\",\"potentialAction\":[{\"@type\":\"SearchAction\",\"target\":{\"@type\":\"EntryPoint\",\"urlTemplate\":\"https:\/\/humainavanttout.com\/boutique\/?s={search_term_string}\"},\"query-input\":{\"@type\":\"PropertyValueSpecification\",\"valueRequired\":true,\"valueName\":\"search_term_string\"}}],\"inLanguage\":\"fr-FR\"}]}<\/script>\n<!-- \/ Yoast SEO plugin. -->","yoast_head_json":{"title":"Termes et conditions - Boutique Humain Avant Tout","robots":{"index":"index","follow":"follow","max-snippet":"max-snippet:-1","max-image-preview":"max-image-preview:large","max-video-preview":"max-video-preview:-1"},"canonical":"https:\/\/humainavanttout.com\/boutique\/termes-et-conditions\/","og_locale":"fr_FR","og_type":"article","og_title":"Termes et conditions - Boutique Humain Avant Tout","og_description":"Termes et conditions Bienvenue sur le site Web de Humain Avant Tout. Veuillez lire ces modalit\u00e9s avant d\u2019utiliser du contenu sous toute forme ou par tout moyen pour publication sur Humainavanttout.com. En continuant \u00e0 nous utiliser, vous consentez \u00e0 respecter ces modalit\u00e9s et \u00e0 \u00eatre li\u00e9 par elles. Nous nous r\u00e9servons le droit de modifier [&hellip;]","og_url":"https:\/\/humainavanttout.com\/boutique\/termes-et-conditions\/","og_site_name":"Boutique Humain Avant Tout","article_modified_time":"2024-12-12T07:12:58+00:00","twitter_card":"summary_large_image","twitter_misc":{"Est. reading time":"6 minutes"},"schema":{"@context":"https:\/\/schema.org","@graph":[{"@type":"WebPage","@id":"https:\/\/humainavanttout.com\/boutique\/termes-et-conditions\/","url":"https:\/\/humainavanttout.com\/boutique\/termes-et-conditions\/","name":"Termes et conditions - Boutique Humain Avant Tout","isPartOf":{"@id":"https:\/\/humainavanttout.com\/boutique\/#website"},"datePublished":"2022-04-28T00:46:04+00:00","dateModified":"2024-12-12T07:12:58+00:00","breadcrumb":{"@id":"https:\/\/humainavanttout.com\/boutique\/termes-et-conditions\/#breadcrumb"},"inLanguage":"fr-FR","potentialAction":[{"@type":"ReadAction","target":["https:\/\/humainavanttout.com\/boutique\/termes-et-conditions\/"]}]},{"@type":"BreadcrumbList","@id":"https:\/\/humainavanttout.com\/boutique\/termes-et-conditions\/#breadcrumb","itemListElement":[{"@type":"ListItem","position":1,"name":"Home","item":"https:\/\/humainavanttout.com\/boutique\/"},{"@type":"ListItem","position":2,"name":"Termes et conditions"}]},{"@type":"WebSite","@id":"https:\/\/humainavanttout.com\/boutique\/#website","url":"https:\/\/humainavanttout.com\/boutique\/","name":"Boutique Humain Avant Tout","description":"","potentialAction":[{"@type":"SearchAction","target":{"@type":"EntryPoint","urlTemplate":"https:\/\/humainavanttout.com\/boutique\/?s={search_term_string}"},"query-input":{"@type":"PropertyValueSpecification","valueRequired":true,"valueName":"search_term_string"}}],"inLanguage":"fr-FR"}]}},"_links":{"self":[{"href":"https:\/\/humainavanttout.com\/boutique\/wp-json\/wp\/v2\/pages\/224","targetHints":{"allow":["GET"]}}],"collection":[{"href":"https:\/\/humainavanttout.com\/boutique\/wp-json\/wp\/v2\/pages"}],"about":[{"href":"https:\/\/humainavanttout.com\/boutique\/wp-json\/wp\/v2\/types\/page"}],"author":[{"embeddable":true,"href":"https:\/\/humainavanttout.com\/boutique\/wp-json\/wp\/v2\/users\/1"}],"replies":[{"embeddable":true,"href":"https:\/\/humainavanttout.com\/boutique\/wp-json\/wp\/v2\/comments?post=224"}],"version-history":[{"count":17,"href":"https:\/\/humainavanttout.com\/boutique\/wp-json\/wp\/v2\/pages\/224\/revisions"}],"predecessor-version":[{"id":1037,"href":"https:\/\/humainavanttout.com\/boutique\/wp-json\/wp\/v2\/pages\/224\/revisions\/1037"}],"wp:attachment":[{"href":"https:\/\/humainavanttout.com\/boutique\/wp-json\/wp\/v2\/media?parent=224"}],"curies":[{"name":"wp","href":"https:\/\/api.w.org\/{rel}","templated":true}]}}